k = x + 144. What is the units digit of k?
5
Let u(x) be the third derivative of -5*x**4/24 + 5*x**3/3 + 8*x**2. Let t(w) = 3*w**2 + 32*w - 6. Let h be t(-10). What is the units digit of u(h)?
0
What is the thousands digit of -12*1/2 + 2*(-9714)/(-4)?
4
Let w(d) = -d**2 + 12*d + 22. Let o be 12 + (((-12)/2)/(-3) - 1). What is the units digit of w(o)?
9
Suppose -2668*z = -5*a - 2670*z + 29936, -4*a - 3*z = -23953. What is the hundreds digit of a?
9
Suppose 0 = 4*u, 10 + 30 = 5*q - 4*u. Suppose -2 = r - q. What is the tens digit of (r/3 + 6)*4?
3
What is the tens digit of 1405050/40 - (-3)/(-7 + 2 - -9)?
2
Suppose -45*l + 220234 = -79632 + 96736. What is the hundreds digit of l?
5
Let c(i) = -898*i**3 + i + 2. Suppose 4*p + 2*h = 2, 0*h - 13 = -2*p - 5*h. What is the tens digit of c(p)?
9
Suppose -16*r + 7009 = -687. What is the units digit of r?
1
Suppose 0 = -21*d + 54 + 891. What is the thousands digit of 1072/48*2*d?
2
Let d(q) = 25*q**3 - 2*q**2 - 10*q + 78. What is the tens digit of d(5)?
0
Suppose 49*t = 134*t - 2147015. What is the thousands digit of t?
5
Suppose 61*m - t - 1056 = 58*m, 0 = 7*t - 21. What is the tens digit of m?
5
Suppose 2*n = -3*f + 16560, 3*f - 2*n = 11609 + 4951. What is the hundreds digit of f?
5
Let u(w) = -3*w**2 + 36*w + 13. Let h(b) = -2*b**2 + 36*b + 13. Let z(j) = -5*h(j) + 4*u(j). What is the units digit of z(-8)?
7
Suppose 137*t = 140*t - 2040. Let n = -617 + t. What is the tens digit of n?
6
Let o = -452 + 454. Suppose 5*i - 88 = -2*w + 2327, 0 = o*i + 3*w - 966. What is the hundreds digit of i?
4
Let v = 229 + -182. Let k = v + 194. What is the hundreds digit of k?
2
Let s = 25023 + -14298. What is the ten thousands digit of s?
1
Suppose -b + 20683 - 6397 = 0. What is the thousands digit of b?
4
Suppose 4 = -3*x + 19. Suppose 2*r = x*f + 23, 0*r + 11 = r - 3*f. Suppose -3*q + r = -199. What is the tens digit of q?
7
Let v(w) = -437*w + 2360. What is the ten thousands digit of v(-25)?
1
Suppose m - 4*i - 655 = 0, 0 = -3*i + 4 + 11. Suppose -79*a + m = -78*a. What is the tens digit of a?
7
Let b = -439 - 949. Let c = -517 - b. What is the hundreds digit of c?
8
Suppose 0 = 3*f - 0*n - 3*n - 27, 2*f + 2*n = 2. Suppose -l + 4*c = -324, -f*c = -4*l - 4*c + 1296. What is the tens digit of l?
2
Suppose 0 = -3*k - 16864 + 83941. What is the units digit of k?
9
Let t be 1/3 - (-98)/21. Suppose -82 = t*i - 302. Suppose -i - 268 = -3*a. What is the tens digit of a?
0
What is the thousands digit of -8*(-21)/140*(-228630)/(-9)?
0
Let s = -6180 + 54538. What is the ten thousands digit of s?
4
Let c(y) = -18*y**2 - 19 + y**3 - 2*y**3 + 8*y + 13*y - 2*y. What is the units digit of c(-20)?
1
Suppose -u = -n - 1100, 252 = 5*u + 3*n - 5264. Let y = u - 535. What is the units digit of y?
7
Let l = 9333 - -9315. What is the thousands digit of l?
8
Suppose -25*t + 27*t - 10348 = 0. What is the thousands digit of t?
5
Suppose -20*i + 43*i = 69. Suppose -5*a - 1174 = -2*r, 5*r + i*a = 7*r - 1174. What is the tens digit of r?
8
Let w(m) = -2*m**2 + 4*m + 13. Let g be w(-8). Let q = -133 - g. Suppose 0 = 15*j - q*j - 191. What is the units digit of j?
1
Suppose -12*r + 15*r + 263439 = 30*r. What is the hundreds digit of r?
7
Suppose -3*q - 188 = -4*n, 2*q + 0 + 8 = 0. Suppose -u + n + 117 = 0. Suppose -26*b = -19*b - u. What is the units digit of b?
3
Let k(x) = 3*x + 16. Let b = 37 - 31. Let w be 0 - 0 - (b - 1). What is the units digit of k(w)?
1
Suppose -115*m - 192*m + 880226 = -169407. What is the thousands digit of m?
3
Let f(m) = m**3 + 15*m**2 + 15*m + 8. Let y be f(-14). Suppose 4*z - 12 = -4. What is the hundreds digit of ((-280)/6)/z*27/y?
1
Let g(f) be the second derivative of 31*f - 1/6*f**4 + 0 + 5/6*f**3 - 2*f**2 + 2/5*f**5. What is the units digit of g(3)?
9
Suppose -12*q = -10*q - 6. Suppose 12 = q*v + v. Suppose v*n - 4*u - 206 = 0, -3*u = n + 2*u - 37. What is the tens digit of n?
6
Let r be (((-9)/(-6))/3)/((-6)/(-12)). Let z be (-54)/189 - (3294/(-14) - r). Let v = z - 161. What is the units digit of v?
5
Let m = 984 + -408. Let c = 28 + m. What is the hundreds digit of c?
6
Suppose 7*z = 4*z - 4*k + 19, 5*k = -z - 1. Suppose 0 = -z*w - 2*w + 3278. What is the tens digit of (w/(-6))/((-2)/6)?
4
Let w(c) = 5*c**2 + c - 28. Let g be w(7). Suppose 2*f - 4*f = -g. What is the tens digit of f?
1
Let j = 95738 - 36290. What is the hundreds digit of j?
4
Let i = -249 + 261. Let n(l) = -l**3 + 11*l**2 + 14*l + 5. What is the units digit of n(i)?
9
Let m(b) = -22*b**3 + b**2 - 2*b - 1. Let j be m(-1). Let h = j - -61. Suppose -5 = -3*r + h. What is the units digit of r?
0
Let n = 44535 - 21809. What is the ten thousands digit of n?
2
Suppose 4*w - 3*w = 2. Let a be 0/8 + (-1534)/1. What is the tens digit of (-62)/279 + w/((-36)/a)?
8
Let p be 1/(9/3 - 2). Let u be (2/(-8))/((-9)/(-36)). What is the tens digit of (u*p)/(13/(-637))?
4
Suppose -3*f - 15261 = -c, 3*c - 45770 = -7*f + 3*f. What is the ten thousands digit of c?
1
Let i(m) = -61*m + 6. Let z be i(3). Let b = 186 + z. What is the units digit of b?
9
What is the ten thousands digit of 1/27*3 + (-14820736)/(-612)?
2
Let c = 28 - 4. Let r = c + 18. What is the tens digit of (-3102)/(-21) + 12/r?
4
Let q = -12 - -42. Suppose 2*w + q = -w + 4*r, 2*w + 24 = 4*r. What is the tens digit of (7645/(-15))/(-11) - (-2)/w?
4
Suppose -49*s + 31177 = 3*x - 48*s, -3*x + 31165 = -2*s. What is the units digit of x?
1
Let f = 27005 + -18896. What is the hundreds digit of f?
1
Let n(k) = -13*k**2 - 29*k + 124. Let v be n(4). What is the tens digit of -2 + 3 - 25/(v/2784)?
4
Suppose 0 = l + 7 - 15. Let o(y) = 0*y - 15*y + 15*y - 16*y + l. What is the tens digit of o(-4)?
7
Suppose g + 64 = 415. Suppose 7*c - 2*c = -4*s + 888, -3*s = 2*c - g. What is the tens digit of c/35 + -5 - 244/(-7)?
3
Let x(d) = d**2 + 56*d + 166. Let k be x(-53). Suppose 0 = -6*a + k*a - 893. What is the tens digit of a?
9
Suppose g = -3*c + 5*g + 38, 2*g = 4*c - 34. Suppose 118*d - 1248 = 122*d. What is the tens digit of d/4*14*(-1)/c?
8
Suppose -30*w - 2447 + 11147 = 0. Suppose 2*f = 720 + w. What is the hundreds digit of f?
5
Suppose 0 = 3*l + 9, g - 5*g + 4*l = 328. Let x be 739/5 + (-10)/(-50). Let k = x + g. What is the units digit of k?
3
Let g(u) = 31*u**2 - u - 6. Let k = 2 - -1. Let d be g(k). Suppose 5*s - 136 = 4*b + 159, -d = -5*s - b. What is the tens digit of s?
5
Suppose 5*g + 17*g - 88 = 0. Suppose -15 = -5*i + 5*o, -5*i + 3*o + 7 = 6*o. What is the units digit of 1/(-2) + i*201/g?
0
Suppose -2*z - 3*h - 15 = 0, -30*z - 5 = -27*z + h. Suppose z = -7*v + 5*v + 1730. What is the units digit of v?
5
Let s = 19365 - 11019. What is the hundreds digit of s?
3
Suppose 8*k - 3133 = -3*z + 3*k, 4*k = -16. Suppose -253 = -8*y + z. Suppose 3*p - 2*t - y = -26, t + 191 = 4*p. What is the tens digit of p?
4
Let w = 10877 - 5946. What is the hundreds digit of w?
9
Let l(q) = 6*q**2 + 26*q - q**3 + 43*q**2 + 48*q - 14 + 25*q - 12*q. What is the tens digit of l(50)?
3
Suppose 4 = -4*w, 3*i = 5*w - 0*w + 5. What is the tens digit of (i - 12/(-10))/((-91)/(-11375))?
5
Let u = 14030 + -12626. What is the tens digit of u?
0
Let j be -8 + 15 + -3 + 1. Suppose -5*c - 925 = -d, j*c = -17*d + 16*d + 915. What is the units digit of d?
0
What is the tens digit of (-6)/(-38) + (-161548884)/(-5073)?
4
Suppose 9*f + 0*f = -f. Let y(r) = 7*r**2 - 2*r + 537. What is the units digit of y(f)?
7
Suppose -6*r + 180 = 3*r. Suppose 17 = -n + r. Suppose n*v - 23 - 4 = 0. What is the units digit of v?
9
Suppose -256*s = -253*s - 2*d - 46341, -6 = -d. What is the units digit of s?
1
Let h(j) = 2*j**3 + 15*j**2 - 30*j - 65. What is the tens digit of h(18)?
1
Let w(d) = -2*d**2 - 20*d + 36. Let u = 147 - 157. What is the units digit of w(u)?
6
Let u be (3 + -2)*0/(0 + -3). Suppose w + 5*y - 9 = u, -w + 0*y + 3 = 2*y. Let f(l) = 85*l**2 + l + 2. What is the units digit of f(w)?
6
Let d(g) = -3*g**3 - 65*g**2 + 16*g + 74. What is the tens digit of d(-25)?
2
Let c = 5635 - -5320. What is the thousands digit of c?
0
Suppose -x + 0*x - 2*f + 671 = 0, -5*f - 636 = -x. Suppose 2*p - 3*a - 1327 = 0, 2*a = p + a - x. What is the units digit of p?
6
Let z(u) = 181*u**2 - 128*u + 489. What is the units digit of z(4)?
3
Let b be (-4 + 12 -